{"id":15715,"date":"2023-06-09T21:55:50","date_gmt":"2023-06-10T00:55:50","guid":{"rendered":"https:\/\/precota.com.br\/agro\/?page_id=15715"},"modified":"2024-02-08T23:09:00","modified_gmt":"2024-02-09T02:09:00","slug":"sobre","status":"publish","type":"page","link":"https:\/\/precota.com.br\/agro\/sobre\/","title":{"rendered":"Sobre"},"content":{"rendered":"<p>Somos um blog dedicado a fornecer informa\u00e7\u00f5es atualizadas sobre os pre\u00e7os de produtos agr\u00edcolas. Coletamos dados da Ceasa e os apresentamos em tabelas e gr\u00e1ficos organizados. Nosso objetivo \u00e9 facilitar o acesso e a compreens\u00e3o dessas informa\u00e7\u00f5es para agricultores, comerciantes e profissionais do setor. Explore nosso blog para acompanhar os pre\u00e7os dos produtos agr\u00edcolas e tomar decis\u00f5es informadas.<\/p>\n<p>Equipe do Blog Precota.<\/p>\n","protected":false},"excerpt":{"rendered":"<p>Somos um blog dedicado a fornecer informa\u00e7\u00f5es atualizadas sobre os pre\u00e7os de produtos agr\u00edcolas. Coletamos dados da Ceasa e os apresentamos em tabelas e gr\u00e1ficos organizados. Nosso objetivo \u00e9 facilitar o acesso e a compreens\u00e3o dessas informa\u00e7\u00f5es para agricultores, comerciantes e profissionais do setor. Explore nosso blog para acompanhar os pre\u00e7os dos produtos agr\u00edcolas e&#8230;<\/p>\n","protected":false},"author":1,"featured_media":0,"parent":0,"menu_order":0,"comment_status":"closed","ping_status":"closed","template":"","meta":{"footnotes":""},"class_list":["post-15715","page","type-page","status-publish","hentry"],"_links":{"self":[{"href":"https:\/\/precota.com.br\/agro\/wp-json\/wp\/v2\/pages\/15715","targetHints":{"allow":["GET"]}}],"collection":[{"href":"https:\/\/precota.com.br\/agro\/wp-json\/wp\/v2\/pages"}],"about":[{"href":"https:\/\/precota.com.br\/agro\/wp-json\/wp\/v2\/types\/page"}],"author":[{"embeddable":true,"href":"https:\/\/precota.com.br\/agro\/wp-json\/wp\/v2\/users\/1"}],"replies":[{"embeddable":true,"href":"https:\/\/precota.com.br\/agro\/wp-json\/wp\/v2\/comments?post=15715"}],"version-history":[{"count":0,"href":"https:\/\/precota.com.br\/agro\/wp-json\/wp\/v2\/pages\/15715\/revisions"}],"wp:attachment":[{"href":"https:\/\/precota.com.br\/agro\/wp-json\/wp\/v2\/media?parent=15715"}],"curies":[{"name":"wp","href":"https:\/\/api.w.org\/{rel}","templated":true}]}}